{"id":22,"date":"2026-01-14T10:52:37","date_gmt":"2026-01-14T10:52:37","guid":{"rendered":"https:\/\/raulherreros.fpcei.eu\/?page_id=22"},"modified":"2026-03-01T21:24:34","modified_gmt":"2026-03-01T21:24:34","slug":"mujer","status":"publish","type":"page","link":"https:\/\/raulherreros.fpcei.eu\/?page_id=22","title":{"rendered":"Mujer"},"content":{"rendered":"\n<div class=\"wp-block-group is-nowrap is-layout-flex wp-container-core-group-is-layout-6c531013 wp-block-group-is-layout-flex\">\n<figure class=\"wp-block-image size-full is-resized\"><img loading=\"lazy\" decoding=\"async\" width=\"700\" height=\"700\" src=\"https:\/\/raulherreros.fpcei.eu\/wp-content\/uploads\/2026\/03\/RABANNE_LM_REBRAND_EDP_PACK_30ML_3quart_L4_RVB_c788-1.png\" alt=\"\" class=\"wp-image-160\" style=\"width:253px;height:auto\" srcset=\"https:\/\/raulherreros.fpcei.eu\/wp-content\/uploads\/2026\/03\/RABANNE_LM_REBRAND_EDP_PACK_30ML_3quart_L4_RVB_c788-1.png 700w, https:\/\/raulherreros.fpcei.eu\/wp-content\/uploads\/2026\/03\/RABANNE_LM_REBRAND_EDP_PACK_30ML_3quart_L4_RVB_c788-1-300x300.png 300w, https:\/\/raulherreros.fpcei.eu\/wp-content\/uploads\/2026\/03\/RABANNE_LM_REBRAND_EDP_PACK_30ML_3quart_L4_RVB_c788-1-150x150.png 150w\" sizes=\"auto, (max-width: 700px) 100vw, 700px\" \/><\/figure>\n\n\n\n<p>LADY MILLION Eau de Parfum de PACO RABANNE:<\/p>\n<\/div>\n\n\n\n<div class=\"wp-block-group is-nowrap is-layout-flex wp-container-core-group-is-layout-6c531013 wp-block-group-is-layout-flex\">\n<p>La mujer que representa Lady Million es una mujer radiante que domina y posee un car\u00e1cter ardiente y una incre\u00edble sensualidad.<\/p>\n<\/div>\n\n\n\n<div class=\"wp-block-group is-nowrap is-layout-flex wp-container-core-group-is-layout-6c531013 wp-block-group-is-layout-flex\">\n<p>LADY MILLION es un perfume fresco, floral y amaderado, como un n\u00e9ctar de flores voluptuosas.<\/p>\n\n\n\n<p><\/p>\n<\/div>\n\n\n\n<p><\/p>\n\n\n\n<div class=\"wp-block-group is-nowrap is-layout-flex wp-container-core-group-is-layout-6c531013 wp-block-group-is-layout-flex\">\n<figure class=\"wp-block-image size-full is-resized\"><img loading=\"lazy\" decoding=\"async\" width=\"700\" height=\"700\" src=\"https:\/\/raulherreros.fpcei.eu\/wp-content\/uploads\/2026\/03\/la_vie_est_belle_iris_absolu_edp_6b3d.webp\" alt=\"\" class=\"wp-image-161\" style=\"width:509px;height:auto\" srcset=\"https:\/\/raulherreros.fpcei.eu\/wp-content\/uploads\/2026\/03\/la_vie_est_belle_iris_absolu_edp_6b3d.webp 700w, https:\/\/raulherreros.fpcei.eu\/wp-content\/uploads\/2026\/03\/la_vie_est_belle_iris_absolu_edp_6b3d-300x300.webp 300w, https:\/\/raulherreros.fpcei.eu\/wp-content\/uploads\/2026\/03\/la_vie_est_belle_iris_absolu_edp_6b3d-150x150.webp 150w\" sizes=\"auto, (max-width: 700px) 100vw, 700px\" \/><\/figure>\n\n\n\n<p><strong>La Vie Est Belle Iris Absolu\u00a0EDP<\/strong>:                                                                                           Esta versi\u00f3n melodiosa, ahora enriquecida con Iris Absolu, redefine la ic\u00f3nica fragancia La Vie Est Belle. Una interpretaci\u00f3n intensa y adictiva, con la f\u00f3rmula mejorada de nuestro Iris Pallida.<\/p>\n<\/div>\n\n\n\n<p><\/p>\n\n\n\n<p><strong>Giorgio Armani Si Intense Eau de Parfum Recargable<\/strong><\/p>\n\n\n\n<div class=\"wp-block-group is-nowrap is-layout-flex wp-container-core-group-is-layout-6c531013 wp-block-group-is-layout-flex\">\n<figure class=\"wp-block-image size-full\"><img loading=\"lazy\" decoding=\"async\" width=\"700\" height=\"700\" src=\"https:\/\/raulherreros.fpcei.eu\/wp-content\/uploads\/2026\/03\/3614273734790_1_6dc1.webp\" alt=\"\" class=\"wp-image-162\" srcset=\"https:\/\/raulherreros.fpcei.eu\/wp-content\/uploads\/2026\/03\/3614273734790_1_6dc1.webp 700w, https:\/\/raulherreros.fpcei.eu\/wp-content\/uploads\/2026\/03\/3614273734790_1_6dc1-300x300.webp 300w, https:\/\/raulherreros.fpcei.eu\/wp-content\/uploads\/2026\/03\/3614273734790_1_6dc1-150x150.webp 150w\" sizes=\"auto, (max-width: 700px) 100vw, 700px\" \/><\/figure>\n\n\n\n<p>Descubre el poder de S\u00ec con el nuevo<strong>&nbsp;S\u00ec Eau de Parfum Intense<\/strong>. Una fragancia encarnada en un nuevo frasco recargable con un dise\u00f1o moderno y \u00fanico junto a la innovaci\u00f3n olfativa de su jugo.<\/p>\n<\/div>\n\n\n\n<p><\/p>\n\n\n\n<p><strong>GIVENCHY Irresistible Eau de Parfum<\/strong><\/p>\n\n\n\n<div class=\"wp-block-group is-nowrap is-layout-flex wp-container-core-group-is-layout-6c531013 wp-block-group-is-layout-flex\">\n<figure class=\"wp-block-image size-full\"><img loading=\"lazy\" decoding=\"async\" width=\"700\" height=\"700\" src=\"https:\/\/raulherreros.fpcei.eu\/wp-content\/uploads\/2026\/03\/4AF06639_1_2e80.jpg\" alt=\"\" class=\"wp-image-163\" srcset=\"https:\/\/raulherreros.fpcei.eu\/wp-content\/uploads\/2026\/03\/4AF06639_1_2e80.jpg 700w, https:\/\/raulherreros.fpcei.eu\/wp-content\/uploads\/2026\/03\/4AF06639_1_2e80-300x300.jpg 300w, https:\/\/raulherreros.fpcei.eu\/wp-content\/uploads\/2026\/03\/4AF06639_1_2e80-150x150.jpg 150w\" sizes=\"auto, (max-width: 700px) 100vw, 700px\" \/><\/figure>\n\n\n\n<p>Una fragancia floral amaderada y afrutada para mujeres que dejan huella, irresistibles. GIVENCHY Irresistible Eau de Parfum es una creaci\u00f3n de los perfumistas Fanny Bal, Dominique Ropion y Anne Flipo.<\/p>\n<\/div>\n\n\n\n<p><\/p>\n\n\n\n<p><strong>Carolina Herrera Good Girl Eau de Parfum<\/strong>\u00a0<\/p>\n\n\n\n<div class=\"wp-block-group is-nowrap is-layout-flex wp-container-core-group-is-layout-6c531013 wp-block-group-is-layout-flex\">\n<figure class=\"wp-block-image size-full\"><img loading=\"lazy\" decoding=\"async\" width=\"700\" height=\"700\" src=\"https:\/\/raulherreros.fpcei.eu\/wp-content\/uploads\/2026\/03\/4AF04558_1_e006.webp\" alt=\"\" class=\"wp-image-164\" srcset=\"https:\/\/raulherreros.fpcei.eu\/wp-content\/uploads\/2026\/03\/4AF04558_1_e006.webp 700w, https:\/\/raulherreros.fpcei.eu\/wp-content\/uploads\/2026\/03\/4AF04558_1_e006-300x300.webp 300w, https:\/\/raulherreros.fpcei.eu\/wp-content\/uploads\/2026\/03\/4AF04558_1_e006-150x150.webp 150w\" sizes=\"auto, (max-width: 700px) 100vw, 700px\" \/><\/figure>\n\n\n\n<p>Es una fragancia femenina que fusiona lo floral y lo chispeante. Dise\u00f1ada para mujeres audaces que abrazan su autenticidad. Este perfume es una oda a la audacia y la intensidad.<\/p>\n<\/div>\n\n\n\n<p><\/p>\n\n\n\n<p><strong>Versace Bright Crystal\u00a0<\/strong><\/p>\n\n\n\n<div class=\"wp-block-group is-nowrap is-layout-flex wp-container-core-group-is-layout-6c531013 wp-block-group-is-layout-flex\">\n<figure class=\"wp-block-image size-full\"><img loading=\"lazy\" decoding=\"async\" width=\"700\" height=\"700\" src=\"https:\/\/raulherreros.fpcei.eu\/wp-content\/uploads\/2026\/03\/V510036_01_25a7.webp\" alt=\"\" class=\"wp-image-165\" srcset=\"https:\/\/raulherreros.fpcei.eu\/wp-content\/uploads\/2026\/03\/V510036_01_25a7.webp 700w, https:\/\/raulherreros.fpcei.eu\/wp-content\/uploads\/2026\/03\/V510036_01_25a7-300x300.webp 300w, https:\/\/raulherreros.fpcei.eu\/wp-content\/uploads\/2026\/03\/V510036_01_25a7-150x150.webp 150w\" sizes=\"auto, (max-width: 700px) 100vw, 700px\" \/><\/figure>\n\n\n\n<p>Es una fragancia fresca, vibrante y floral que captura la esencia de una mujer segura de s\u00ed misma, femenina y llena de sensualidad. Un aroma exquisito y luminoso que destaca por su transparencia cristalina y su radiante luminosidad, como una verdadera joya de rara belleza.<\/p>\n<\/div>\n\n\n\n<p><\/p>\n\n\n\n<p><strong>Yara Candy Eau de Parfum<\/strong><\/p>\n\n\n\n<div class=\"wp-block-group is-nowrap is-layout-flex wp-container-core-group-is-layout-6c531013 wp-block-group-is-layout-flex\">\n<figure class=\"wp-block-image size-full\"><img loading=\"lazy\" decoding=\"async\" width=\"700\" height=\"700\" src=\"https:\/\/raulherreros.fpcei.eu\/wp-content\/uploads\/2026\/03\/yaracandy_63d5.JPG.webp\" alt=\"\" class=\"wp-image-166\" srcset=\"https:\/\/raulherreros.fpcei.eu\/wp-content\/uploads\/2026\/03\/yaracandy_63d5.JPG.webp 700w, https:\/\/raulherreros.fpcei.eu\/wp-content\/uploads\/2026\/03\/yaracandy_63d5.JPG-300x300.webp 300w, https:\/\/raulherreros.fpcei.eu\/wp-content\/uploads\/2026\/03\/yaracandy_63d5.JPG-150x150.webp 150w\" sizes=\"auto, (max-width: 700px) 100vw, 700px\" \/><\/figure>\n\n\n\n<p>\u00a0De la marca\u00a0<strong>Lattafa<\/strong>\u00a0es una\u00a0<strong>fragancia<\/strong>\u00a0que combina notas frutales y dulces para brindar una experiencia olfativa equilibrada. Esta\u00a0<strong>fragancia Yara Candy Eau de Parfum<\/strong>\u00a0de\u00a0<strong>Lattafa<\/strong>\u00a0se caracteriza por su apertura fresca con mandarina verde y grosella negra<\/p>\n<\/div>\n","protected":false},"excerpt":{"rendered":"<p>LADY MILLION Eau de Parfum de PACO RABANNE: La mujer que representa Lady Million es una mujer radiante que domina y posee un car\u00e1cter ardiente y una incre\u00edble sensualidad. LADY MILLION es un perfume fresco, floral y amaderado, como un n\u00e9ctar de flores voluptuosas. La Vie Est Belle Iris Absolu\u00a0EDP: Esta versi\u00f3n melodiosa, ahora enriquecida [&hellip;]<\/p>\n","protected":false},"author":2,"featured_media":0,"parent":0,"menu_order":0,"comment_status":"closed","ping_status":"closed","template":"","meta":{"footnotes":""},"class_list":["post-22","page","type-page","status-publish","hentry"],"_links":{"self":[{"href":"https:\/\/raulherreros.fpcei.eu\/index.php?rest_route=\/wp\/v2\/pages\/22","targetHints":{"allow":["GET"]}}],"collection":[{"href":"https:\/\/raulherreros.fpcei.eu\/index.php?rest_route=\/wp\/v2\/pages"}],"about":[{"href":"https:\/\/raulherreros.fpcei.eu\/index.php?rest_route=\/wp\/v2\/types\/page"}],"author":[{"embeddable":true,"href":"https:\/\/raulherreros.fpcei.eu\/index.php?rest_route=\/wp\/v2\/users\/2"}],"replies":[{"embeddable":true,"href":"https:\/\/raulherreros.fpcei.eu\/index.php?rest_route=%2Fwp%2Fv2%2Fcomments&post=22"}],"version-history":[{"count":9,"href":"https:\/\/raulherreros.fpcei.eu\/index.php?rest_route=\/wp\/v2\/pages\/22\/revisions"}],"predecessor-version":[{"id":167,"href":"https:\/\/raulherreros.fpcei.eu\/index.php?rest_route=\/wp\/v2\/pages\/22\/revisions\/167"}],"wp:attachment":[{"href":"https:\/\/raulherreros.fpcei.eu\/index.php?rest_route=%2Fwp%2Fv2%2Fmedia&parent=22"}],"curies":[{"name":"wp","href":"https:\/\/api.w.org\/{rel}","templated":true}]}}